*2. Let w be n(-4). Let o = 25 + w. What is the units digit of o?
9
Let c(j) = -j**2 + j + 348. Let w be c(0). Suppose 0 = 4*x - 132 - w. What is the tens digit of (x/(-18))/((-4)/6)?
1
Let c be (2/(-4))/(7/98). Let x(h) = -3*h + 12. What is the tens digit of x(c)?
3
Let j = 5 - 3. Suppose b + j + 0 = 0. Let z(o) = -2*o - 2. What is the units digit of z(b)?
2
Suppose -14 = -4*g - 6. Let k be (5 - g)*-1*-1. Suppose k*m = 2*m + 2. What is the units digit of m?
2
Let x(p) = p**3 + 11*p**2 - p - 10. Let y be x(-11). What is the units digit of 3445/91 - y/(-7)?
8
Let q = 13 + -21. Let x(t) = t**2 + 8*t + 7. What is the units digit of x(q)?
7
Let r(h) be the third derivative of 11*h**4/24 + 3*h**2. What is the units digit of r(1)?
1
Let a = -49 + 55. What is the units digit of a?
6
Let k be (-23)/(3/(6/(-2))). Let x = k + -8. What is the tens digit of x?
1
Suppose 8 = 2*n + 2. Let u(m) = m + 8. Let l be u(0). Suppose n*h - l = h. What is the units digit of h?
4
Let f be 3 - (2 + -3)*-1. Suppose -f = -2*u + 3*u. What is the tens digit of 1/u*(2 - 24)?
1
Suppose -5*w + 34 = -d, 3*w - 21 = 3*d + 9. What is the units digit of w?
6
Suppose -4*r = -5*r + 5. Suppose 9 = 5*q + 24, -r*o + 4*q = -37. Suppose -5*z - 59 = -4*h, -o*h - z = -0*z - 52. What is the tens digit of h?
1
Let d(p) = -p**2 + 13*p - 14. Let k be d(10). Suppose -k = 2*l - 6, -4*l - 26 = -m. Suppose -2*h - 8 = -m*h. What is the units digit of h?
2
Let z = 83 + -53. What is the tens digit of z?
3
Suppose -4*c - 1 + 81 = 0. Suppose 4*l + c = 68. What is the units digit of l?
2
Suppose -4*b - 10 = -9*b. Suppose 0 = 2*l + 6, t + b*l + 2 = 10. What is the tens digit of t?
1
Let u(w) = -3*w. Let d be u(-1). What is the tens digit of ((-27)/2)/(d/(-6))?
2
Suppose -4*q - 27 - 17 = 0. Suppose 4*f - p + 60 = 1, 3*f - 3*p + 42 = 0. Let x = q - f. What is the units digit of x?
4
Let p(i) = -i**2 + 16. Let g be p(0). Suppose -d = m - 16 - g, d = 3*m - 100. What is the units digit of m?
3
Suppose 0 = 3*h + h - 12. Suppose 4*v - 60 = -j, 2*v + 0*j + h*j - 40 = 0. What is the tens digit of v?
1
Suppose -5*o - 9*a + 1603 = -8*a, -3 = -a. What is the hundreds digit of o?
3
What is the tens digit of (-14)/(-77) - (-317)/11?
2
What is the units digit of ((-122)/8)/((-5)/20)?
1
Suppose 0 = 2*x - x + 10. Let h = x - -15. Suppose 2*m = h*m - 15. What is the units digit of m?
5
Let d(x) be the first derivative of x**3/3 - 2*x**2 - 3*x - 1. Let g be d(5). Suppose 4*b = 4*o - 40, 4*o + 0*b - g*b = 36. What is the units digit of o?
8
Let s(l) be the third derivative of l**4/12 + l**3/3 - 3*l**2. What is the units digit of s(3)?
8
Let h(q) = q**3 + 5*q**2 + 4*q + 5. Let n be h(-4). Suppose -4*a + 29 = 3*u, 4*u + 5 = 3*u - n*a. What is the units digit of u?
5
Suppose 7*o - 505 = -57. What is the tens digit of o?
6
Suppose 0 = -2*t - 0*t - 12. Let z = 9 + t. What is the units digit of z?
3
Let y = -5 - -3. What is the units digit of ((-2)/y - -8) + 0?
9
Suppose -2*z + 4*z - 10 = 0. Let b(j) = j**2 - 4*j. Let w be b(4). Suppose w = -3*i + z*i - 10. What is the units digit of i?
5
Suppose -u - 16 = -5*u. Suppose 8 = 3*a - 2*a. Suppose 3*k + 14 - 3 = -s, -u*s + k + a = 0. What is the units digit of s?
1
Let o(s) = -s**3 - s**2. Let h be o(-2). Suppose -5*q + h = -q. Let v = 12 - q. What is the tens digit of v?
1
Suppose 16 = -2*o - 2*o. Let s be ((-2)/o)/((-2)/(-24)). Suppose -1 - s = -k. What is the units digit of k?
7
Suppose 0*n - 3*n + 74 = z, 3*n = 3*z + 66. Suppose -4*p + 4*x + n = 0, 4*x + x - 12 = -2*p. What is the units digit of p?
6
Suppose -6*o + 2*o + 492 = 0. What is the hundreds digit of o?
1
Let i(p) = 18*p - 1. Let l be i(2). Suppose -3*d = 2*o + 2*d + 30, 5*d + l = -3*o. Let f = o - -15. What is the tens digit of f?
1
Suppose 0 = 3*f + 5*z - 303, f - 121 = 3*z - 20. What is the tens digit of f?
0
What is the tens digit of (-1526)/(-42)*(0 - -3)?
0
Suppose -5*w = -47 - 203. What is the units digit of w?
0
Let u(m) = 4*m**2. Let k be u(-1). Suppose 0 = i - 3*o - 6 - 6, 0 = -4*i - k*o + 80. What is the tens digit of i?
1
Suppose o - 73 = 5*t, 0 = 2*o + 4*t - 67 - 23. What is the tens digit of o?
5
Suppose 115 - 430 = -5*z - 5*r, 297 = 5*z - 4*r. What is the units digit of z?
1
Suppose 74*l = 77*l - 978. What is the hundreds digit of l?
3
Let x(g) = -g**3 + 2*g**2 + g. What is the units digit of x(-1)?
2
Suppose 0 = -2*o + 4*v + 64, 5*o + v - 55 = 50. What is the tens digit of o?
2
Let a be (-2)/(-4) - 21/(-14). Let m(s) = 8*s - 6 - s**2 + 16 + a*s**2. What is the units digit of m(-7)?
3
Let r be -1 - 44 - (12 + -9). Let w = r - -95. What is the units digit of w?
7
Suppose d - r - 62 = -4*r, -4*d = -5*r - 265. Suppose 6*w - w - d = 0. What is the units digit of w?
3
What is the tens digit of 70 + -3 - -1 - 0?
6
Let f = 5 - -1. Suppose -f = -i - i. What is the units digit of i?
3
Let h be (8/5)/((-3)/(-15)). Suppose k = 2*i - i - h, 2*i = k + 20. What is the tens digit of i?
1
Let t = 2 + 24. Suppose -t - 42 = -2*o. What is the units digit of o?
4
Let z(w) = w**2 + 5*w. Let a be z(-4). Suppose -2*h = -5*h - 5*f + 12, -3*f + 36 = 5*h. Let q = h + a. What is the units digit of q?
5
What is the tens digit of (-4)/1*-6*1?
2
Suppose 0*o = 3*o - a - 182, 4*o - 247 = -3*a. What is the units digit of o?
1
Let j(w) = -w**3 - 4*w**2 - 2*w - 8. Let r(f) = -f**3 - 3*f**2 - 2*f - 7. Let z(q) = 5*j(q) - 6*r(q). What is the tens digit of z(3)?
1
Let r(o) = 4*o**2 - 2*o + 3. Let j = 6 + -4. What is the units digit of r(j)?
5
Let b(h) = -h - 6*h**2 + 0*h**2 + 7*h**2. What is the units digit of b(2)?
2
Let w = -59 - -118. What is the tens digit of w?
5
Let q be 1*2 - (-1 + 1). Suppose x = -q + 15. What is the tens digit of x?
1
Suppose -3*l + 7 - 1 = 0. Suppose 99 = 3*a + f, 0*f + l*f = -2*a + 66. What is the units digit of a?
3
Let n(v) = -32*v - 2. Let o(b) = 32*b + 1. Let g(w) = 3*n(w) + 4*o(w). What is the units digit of g(1)?
0
Suppose d + 5*n + 60 = -4*d, 4*d + n + 42 = 0. Let u = 17 + d. Let j = u + 5. What is the units digit of j?
2
Suppose -4*f = -12*f + 56. What is the units digit of f?
7
Suppose -2*x = -5 - 3. Suppose 5 = x*u - 3. What is the units digit of u?
2
Suppose -210 = -5*l - 5*d, l - 120 = -2*l - d. What is the units digit of l?
9
Let d(y) = y**2 + y - 1. Let r be d(-3). Let b(f) = -f**2 + 3*f + 10. Let m(i) = -i**2 + 4*i + 11. Let n(v) = r*m(v) - 6*b(v). What is the units digit of n(-4)?
3
Let w(t) = 4*t**2 + 31 + t - 5*t**2 + 0*t**2. What is the units digit of w(0)?
1
Let t = -4 + 16. What is the tens digit of t?
1
Suppose 0*v + 3 = v. Let z = v + 4. What is the units digit of z?
7
Let i(p) = -p - 15. Let z be i(0). Let s = 32 + z. What is the units digit of s?
7
What is the units digit of (-3)/(-6)*1*(0 + 14)?
7
What is the units digit of (0 - (-4)/4) + 61?
2
What is the tens digit of 7/14 - (-1389)/6?
3
Let b(w) = w**2 - 3*w - 3. Let c be b(6). Let k be ((-88)/8)/(1/c). What is the tens digit of k/(-9) + (-2)/6?
1
Let c = -12 + -29. Let z = c + 62. What is the tens digit of z?
2
Suppose m = 15 + 2. Let l = m + -5. What is the units digit of l?
2
Let p(v) = -v**3 + 17*v**2 - 12*v + 24. What is the units digit of p(16)?
8
Let o(c) = -2*c**3 + 2 - c**2 - c - 2. Let a be o(-1). Suppose a*j + 4 = 6*j. What is the units digit of j?
1
Let v be (72/(-14))/((-9)/42). What is the units digit of 1/6 + 140/v?
6
Suppose 0 = -4*n + 54 - 10. Let o = n - 5. What is the units digit of o?
6
Let i = -3 - -4. What is the tens digit of (1 - -2) + (i - -15)?
1
Suppose v = -3*q + 16, q + 2*q - 8 = -5*v. What is the units digit of q?
6
Let u = -8 - -13. Suppose 18 = u*c - 2*c. What is the units digit of c?
6
Let f(j) = 2*j**2 - 3*j + 6. Let a be f(6). Suppose a = 2*u - 12. What is the tens digit of u?
3
Suppose m - 2*m = -3. Suppose 2*q + m*n + 30 = 7*q, -25 = -5*n. What is the units digit of q?
9
Let p(i) = i**3 - 4*i**2 - 4*i - 4. Let q be p(5). What is the units digit of (1 - -31) + 2/q?
4
Let d = -18 + 26. Suppose d - 2 = k. What is the units digit of k?
6
Suppose -u - 3*c + 75 - 19 = 0, 12 = 3*c. What is the units digit of u?
4
What is the units digit of (-4*55)/(-4) - -5?
0
Let c(b) be the third derivative of -5*b**4/24 - b**3/3 - 2*b**2. Let t be c(6). What is the units digit of t/(-6)*3/2?
8
Suppose 4*x + 3*i - 73 =